ber?
True
Is 1622459 prime?
False
Is 7042957 a prime number?
False
Is 62426099 composite?
False
Is 43495141 composite?
True
Is 18796873 composite?
True
Is 50830031 a composite number?
True
Is 31831 a composite number?
True
Is 12420619 composite?
False
Is 54093353 a prime number?
True
Is 575503381 a prime number?
False
Is 706001 composite?
False
Is 911551 prime?
False
Is 4159217 a composite number?
False
Is 4053215 a prime number?
False
Is 427825531 a composite number?
True
Is 5240635 prime?
False
Is 8203 a composite number?
True
Is 27885239 a prime number?
False
Is 4807757 a prime number?
True
Is 2759179 a prime number?
False
Is 3125957 composite?
False
Is 13670693 a composite number?
True
Is 24840745 a prime number?
False
Is 36549907 a composite number?
True
Is 33690451 composite?
False
Is 9467047 composite?
False
Is 5377439 a composite number?
False
Is 7881119 a composite number?
True
Is 18073937 a composite number?
True
Is 98541811 prime?
False
Is 117603779 prime?
False
Is 5508599 composite?
False
Is 55073 prime?
True
Is 12373279 a prime number?
False
Is 3093179 prime?
False
Is 307273309 a prime number?
False
Is 211399271 a composite number?
True
Is 386011963 a prime number?
True
Is 7773569 prime?
True
Is 20973053 a prime number?
False
Is 233501 a composite number?
True
Is 378827 a prime number?
False
Is 6993319 a prime number?
True
Is 87117581 a composite number?
True
Is 12975439 a prime number?
True
Is 8066815 prime?
False
Is 74859311 a prime number?
True
Is 6263949 a prime number?
False
Is 130160651 composite?
False
Is 27436267 composite?
False
Is 23505281 prime?
True
Is 32263639 prime?
True
Is 77696585 composite?
True
Is 7581253 a composite number?
False
Is 9469241 composite?
False
Is 179935753 prime?
True
Is 277368659 a prime number?
True
Is 32265583 a prime number?
False
Is 82218274 a composite number?
True
Is 245015831 a prime number?
False
Is 1202987 prime?
True
Is 1695457 prime?
True
Is 43223839 prime?
False
Is 305491957 prime?
False
Is 463801 composite?
True
Is 3676979 composite?
True
Is 1134569 prime?
False
Is 7645639 a prime number?
False
Is 267834643 a prime number?
False
Is 545899 a composite number?
False
Is 7086934 composite?
True
Is 34696279 a prime number?
True
Is 7120291 composite?
True
Is 173891 a prime number?
True
Is 955692017 a composite number?
True
Is 6340829 composite?
True
Is 9255421 composite?
True
Is 141918481 composite?
True
Is 4908907 prime?
True
Is 8119603 prime?
True
Is 903666787 composite?
False
Is 11597 a composite number?
False
Is 80381549 a prime number?
False
Is 328530257 prime?
False
Is 425767 a composite number?
True
Is 16100027 a composite number?
False
Is 997317469 a prime number?
True
Is 65274163 prime?
False
Is 8545385 a composite number?
True
Is 11004793 prime?
True
Is 11313473 a composite number?
False
Is 213599 composite?
False
Is 3338443 a prime number?
False
Is 29325943 prime?
False
Is 3329531 a prime number?
True
Is 5682377 composite?
True
Is 21718987 composite?
True
Is 2546611 prime?
True
Is 13562279 composite?
False
Is 1529947 composite?
False
Is 67547257 composite?
False
Is 55524347 a prime number?
True
Is 301954057 a prime number?
False
Is 633577 a composite number?
True
Is 129939439 composite?
True
Is 5672785 composite?
True
Is 4430201 a prime number?
True
Is 30513191 a composite number?
True
Is 50970329 a prime number?
True
Is 1225811 a composite number?
True
Is 184469801 composite?
False
Is 77346949 composite?
False
Is 19672453 a prime number?
False
Is 1791331 prime?
False
Is 2392163 composite?
False
Is 38794367 a prime number?
True
Is 98029847 composite?
False
Is 151508557 prime?
False
Is 130421951 a prime number?
False
Is 1030313107 a prime number?
False
Is 472493 a prime number?
False
Is 61079569 a composite number?
False
Is 50128577 prime?
False
Is 7081553 composite?
False
Is 18571403 a prime number?
False
Is 5678581 prime?
True
Is 14726711 composite?
False
Is 17179007 a prime number?
True
Is 1423439 composite?
False
Is 8584073 a prime number?
True
Is 25127963 a prime number?
False
Is 7351937 prime?
False
Is 14032771 a composite number?
False
Is 110274929 composite?
False
Is 2813117 a composite number?
False
Is 38436199 a prime number?
False
Is 19258881 prime?
False
Is 5298406 a composite number?
True
Is 15474443 a prime number?
True
Is 6302003 a prime number?
True
Is 1281521 a prime number?
True
Is 1731607 a prime number?
False
Is 18029573 composite?
True
Is 27801167 composite?
False
Is 86834567 prime?
True
Is 10992539 a prime number?
True
Is 6301519 composite?
True
Is 7051817 prime?
False
Is 7091489 prime?
True
Is 3026157 a prime number?
False
Is 2004515 a composite number?
True
Is 2166199 prime?
False
Is 7654371 a prime number?
False
Is 60480019 a composite number?
False
Is 244864819 a composite number?
True
Is 232777 composite?
False
Is 29663033 a composite number?
True
Is 165472361 a composite number?
False
Is 10610273 prime?
True
Is 55530871 prime?
False
Is 2695054 prime?
False
Is 33127391 prime?
False
Is 6510821 a composite number?
False
Is 19503119 prime?
True
Is 58679609 a composite number?
False
Is 695557 a prime number?
False
Is 9041683 a prime number?
False
Is 2470939 a composite number?
False
Is 5185023 a prime number?
False
Is 141513299 a composite number?
False
Is 8260619 composite?
False
Is 418973 a composite number?
True
Is 50329 prime?
True
Is 31527649 composite?
True
Is 15317251 composite?
False
Is 6393923 a composite number?
True
Is 826687 a prime number?
False
Is 60586823 composite?
True
Is 190482529 prime?
True
Is 12515071 a composite number?
False
Is 495477314 composite?
True
Is 51698557 prime?
False
Is 448107005 a composite number?
True
Is 75543317 a composite number?
True
Is 432569 composite?
False
Is 31983053 a prime number?
False
Is 543769 a composite number?
False
Is 11583961 composite?
True
Is 78214481 a prime number?
True
Is 615427 a composite number?
False
Is 4105999 a prime number?
True
Is 989071 a composite number?
False
Is 1357969 composite?
False
Is 1143617 composite?
True
Is 1339439 a composite number?
True
Is 7852883 prime?
False
Is 17688851 a composite number?
False
Is 36712789 a composite number?
True
Is 25465969 composite?
False
Is 990013 composite?
False
Is 14143 prime?
True
Is 1314101 composite?
False
Is 7112527 a prime number?
False
Is 154097 a composite number?
False
Is 10167631 prime?
False
Is 202070305 a composite number?
True
Is 7520173 a composite number?
False
Is 9638089 composite?
True
Is 29458969 a composite number?
True
Is 5409802 a prime number?
False
Is 343977511 composite?
True
Is 5678639 a prime number?
False
Is 16465587 a prime number?
False
Is 840439 a composite number?
False
Is 1557849 a prime number?
False
Is 37540609 a prime number?
True
Is 458999647 a prime number?
False
Is 41397887 a prime number?
False
Is 59913779 composite?
False
Is 3117917 a composite number?
True
Is 207755819 composite?
False
Is 3118798 a composite number?
True
Is 292636733 composite?
False
Is 4291901 composite?
True
Is 10754503 a prime number?
True
Is 2851777 a prime number?
True
Is 12407233 a composite number?
False
Is 10481747 a prime number?
False
Is 30263405 a composite number?
True
Is 234263329 a prime number?
False
Is 245377663 a prime number?
True
Is 327857879 composite?
True
Is 3222143 prime?
False
Is 161857985 prime?
False
Is 2395153 a prime number?
False
Is 2862079 a prime number?
False
Is 457498829 a prime number?
False
Is 479333 composite?
True
Is 24122299 a prime number?
True
Is 12981 composite?
True
Is 663719123 a composite number?
False
Is 32842417 a prime number?
True
Is 15003489 a prime number?
False
Is 173940563 a composite number?
False
Is 23801 composite?
False
Is 11946433 a prime number?
False
Is 6773131 a prime number?
True
Is 8532833 composite?
False
Is 2939143 a prime number?
True
Is 76769929 composite?
True
Is 99121583 a composite number?
True
Is 9377255 a composite number?
True
Is 19549241 prime?
False
Is 1790783 composite?
False
Is 9579419 a prime number?
False
Is 155872243 prime?
True
Is 13201373 a composite number?
False
Is 1303193 prime?
False
Is 1406159 prime?
True
Is 50335 a composite number?
True
Is 9023331 composite?
True
Is 513009067 a composite number?
True
Is 20143859 a prime number?
True
Is 590021 prime?
